{"id":15,"date":"2023-08-19T16:44:29","date_gmt":"2023-08-19T14:44:29","guid":{"rendered":"https:\/\/www.ascbg.fr\/artsmartiaux\/?page_id=15"},"modified":"2025-09-09T10:48:28","modified_gmt":"2025-09-09T08:48:28","slug":"iaijutsu","status":"publish","type":"page","link":"https:\/\/www.ascbg.fr\/artsmartiaux\/iaijutsu\/","title":{"rendered":"Iaijutsu"},"content":{"rendered":"\t\t<div data-elementor-type=\"wp-page\" data-elementor-id=\"15\" class=\"elementor elementor-15\">\n\t\t\t\t\t\t<section class=\"elementor-section elementor-top-section elementor-element elementor-element-8fdc5fb elementor-section-content-middle elementor-section-boxed elementor-section-height-default elementor-section-height-default\" data-id=\"8fdc5fb\" data-element_type=\"section\" data-e-type=\"section\" data-settings=\"{&quot;background_background&quot;:&quot;classic&quot;}\">\n\t\t\t\t\t\t<div class=\"elementor-container elementor-column-gap-no\">\n\t\t\t\t\t<div class=\"elementor-column elementor-col-50 elementor-top-column elementor-element elementor-element-69e33b95\" data-id=\"69e33b95\" data-element_type=\"column\" data-e-type=\"column\" data-settings=\"{&quot;background_background&quot;:&quot;classic&quot;}\">\n\t\t\t<div class=\"elementor-widget-wrap elementor-element-populated\">\n\t\t\t\t\t\t<section class=\"elementor-section elementor-inner-section elementor-element elementor-element-65e7a336 elementor-section-content-middle elementor-section-boxed elementor-section-height-default elementor-section-height-default\" data-id=\"65e7a336\" data-element_type=\"section\" data-e-type=\"section\">\n\t\t\t\t\t\t<div class=\"elementor-container elementor-column-gap-default\">\n\t\t\t\t\t<div class=\"elementor-column elementor-col-50 elementor-inner-column elementor-element elementor-element-19a64df3\" data-id=\"19a64df3\" data-element_type=\"column\" data-e-type=\"column\">\n\t\t\t<div class=\"elementor-widget-wrap elementor-element-populated\">\n\t\t\t\t\t\t<div class=\"elementor-element elementor-element-29e81615 elementor-widget-divider--view-line elementor-widget elementor-widget-divider\" data-id=\"29e81615\" data-element_type=\"widget\" data-e-type=\"widget\" data-widget_type=\"divider.default\">\n\t\t\t\t<div class=\"elementor-widget-container\">\n\t\t\t\t\t\t\t<div class=\"elementor-divider\">\n\t\t\t<span class=\"elementor-divider-separator\">\n\t\t\t\t\t\t<\/span>\n\t\t<\/div>\n\t\t\t\t\t\t<\/div>\n\t\t\t\t<\/div>\n\t\t\t\t\t<\/div>\n\t\t<\/div>\n\t\t\t\t<div class=\"elementor-column elementor-col-50 elementor-inner-column elementor-element elementor-element-25e9f39e\" data-id=\"25e9f39e\" data-element_type=\"column\" data-e-type=\"column\">\n\t\t\t<div class=\"elementor-widget-wrap elementor-element-populated\">\n\t\t\t\t\t\t<div class=\"elementor-element elementor-element-1e76a69 elementor-widget elementor-widget-heading\" data-id=\"1e76a69\" data-element_type=\"widget\" data-e-type=\"widget\" data-widget_type=\"heading.default\">\n\t\t\t\t<div class=\"elementor-widget-container\">\n\t\t\t\t\t<h2 class=\"elementor-heading-title elementor-size-default\">IAIJUTSU<\/h2>\t\t\t\t<\/div>\n\t\t\t\t<\/div>\n\t\t\t\t\t<\/div>\n\t\t<\/div>\n\t\t\t\t\t<\/div>\n\t\t<\/section>\n\t\t\t\t<div class=\"elementor-element elementor-element-3ccaedcf elementor-widget elementor-widget-heading\" data-id=\"3ccaedcf\" data-element_type=\"widget\" data-e-type=\"widget\" data-widget_type=\"heading.default\">\n\t\t\t\t<div class=\"elementor-widget-container\">\n\t\t\t\t\t<h2 class=\"elementor-heading-title elementor-size-default\">LA VOIE DU SABRE<\/h2>\t\t\t\t<\/div>\n\t\t\t\t<\/div>\n\t\t\t\t<div class=\"elementor-element elementor-element-5f110f40 elementor-widget elementor-widget-text-editor\" data-id=\"5f110f40\" data-element_type=\"widget\" data-e-type=\"widget\" data-widget_type=\"text-editor.default\">\n\t\t\t\t<div class=\"elementor-widget-container\">\n\t\t\t\t\t\t\t\t\t<p>L&rsquo;Ia\u00efjutsu est un art martial japonais consacr\u00e9 \u00e0 l&rsquo;art de d\u00e9gainer le sabre (katana) et de trancher en un seul mouvement fluide. Son histoire remonte \u00e0 l&rsquo;\u00e9poque des samoura\u00efs, principalement durant la p\u00e9riode Muromachi (1336-1573) et la p\u00e9riode Edo (1603-1868).<\/p>\t\t\t\t\t\t\t\t<\/div>\n\t\t\t\t<\/div>\n\t\t\t\t<div class=\"elementor-element elementor-element-35f0ef67 elementor-tablet-align-center elementor-align-left elementor-widget elementor-widget-button\" data-id=\"35f0ef67\" data-element_type=\"widget\" data-e-type=\"widget\" data-widget_type=\"button.default\">\n\t\t\t\t<div class=\"elementor-widget-container\">\n\t\t\t\t\t\t\t\t\t<div class=\"elementor-button-wrapper\">\n\t\t\t\t\t<a class=\"elementor-button elementor-button-link elementor-size-md\" href=\"https:\/\/doshikan.fr\/\">\n\t\t\t\t\t\t<span class=\"elementor-button-content-wrapper\">\n\t\t\t\t\t\t\t\t\t<span class=\"elementor-button-text\">Lire plus<\/span>\n\t\t\t\t\t<\/span>\n\t\t\t\t\t<\/a>\n\t\t\t\t<\/div>\n\t\t\t\t\t\t\t\t<\/div>\n\t\t\t\t<\/div>\n\t\t\t\t<div class=\"elementor-element elementor-element-8017011 elementor-widget elementor-widget-text-editor\" data-id=\"8017011\" data-element_type=\"widget\" data-e-type=\"widget\" data-widget_type=\"text-editor.default\">\n\t\t\t\t<div class=\"elementor-widget-container\">\n\t\t\t\t\t\t\t\t\t<p>C&rsquo;est la rentr\u00e9e, venez nous retrouver au dojo les mardis et jeudis de 19h15 \u00e0 21h15.<\/p><p>N\u2019h\u00e9sitez pas \u00e0 venir tester deux ou trois cours afin de vous faire votre propre id\u00e9e sur cette discipline que je pratique depuis 2010, un surv\u00eatement suffit !<\/p><p>Renseignements Olivier LE RESTE au 06 07 47 25 86<\/p>\t\t\t\t\t\t\t\t<\/div>\n\t\t\t\t<\/div>\n\t\t\t\t<div class=\"elementor-element elementor-element-2802748e elementor-tablet-align-center elementor-align-left elementor-widget elementor-widget-button\" data-id=\"2802748e\" data-element_type=\"widget\" data-e-type=\"widget\" data-widget_type=\"button.default\">\n\t\t\t\t<div class=\"elementor-widget-container\">\n\t\t\t\t\t\t\t\t\t<div class=\"elementor-button-wrapper\">\n\t\t\t\t\t<a class=\"elementor-button elementor-button-link elementor-size-md\" href=\"mailto:doshikan.dojo@gmail.com\" target=\"_blank\">\n\t\t\t\t\t\t<span class=\"elementor-button-content-wrapper\">\n\t\t\t\t\t\t\t\t\t<span class=\"elementor-button-text\">Insciptions<\/span>\n\t\t\t\t\t<\/span>\n\t\t\t\t\t<\/a>\n\t\t\t\t<\/div>\n\t\t\t\t\t\t\t\t<\/div>\n\t\t\t\t<\/div>\n\t\t\t\t\t<\/div>\n\t\t<\/div>\n\t\t\t\t<div class=\"elementor-column elementor-col-50 elementor-top-column elementor-element elementor-element-4e3d0ac\" data-id=\"4e3d0ac\" data-element_type=\"column\" data-e-type=\"column\" data-settings=\"{&quot;background_background&quot;:&quot;classic&quot;}\">\n\t\t\t<div class=\"elementor-widget-wrap elementor-element-populated\">\n\t\t\t\t\t\t<section class=\"elementor-section elementor-inner-section elementor-element elementor-element-4e440e7d elementor-section-full_width elementor-section-height-default elementor-section-height-default\" data-id=\"4e440e7d\" data-element_type=\"section\" data-e-type=\"section\" data-settings=\"{&quot;background_background&quot;:&quot;classic&quot;}\">\n\t\t\t\t\t\t<div class=\"elementor-container elementor-column-gap-no\">\n\t\t\t\t\t<div class=\"elementor-column elementor-col-100 elementor-inner-column elementor-element elementor-element-1fbb1d7\" data-id=\"1fbb1d7\" data-element_type=\"column\" data-e-type=\"column\">\n\t\t\t<div class=\"elementor-widget-wrap elementor-element-populated\">\n\t\t\t\t\t\t<div class=\"elementor-element elementor-element-722c45e3 elementor-widget elementor-widget-video\" data-id=\"722c45e3\" data-element_type=\"widget\" data-e-type=\"widget\" data-settings=\"{&quot;youtube_url&quot;:&quot;https:\\\/\\\/youtu.be\\\/oFVrZn6sU1w?si=c1exQxKcstOX-G4_&quot;,&quot;show_image_overlay&quot;:&quot;yes&quot;,&quot;image_overlay&quot;:{&quot;url&quot;:&quot;&quot;,&quot;id&quot;:&quot;&quot;,&quot;size&quot;:&quot;&quot;},&quot;autoplay&quot;:&quot;yes&quot;,&quot;play_on_mobile&quot;:&quot;yes&quot;,&quot;loop&quot;:&quot;yes&quot;,&quot;video_type&quot;:&quot;youtube&quot;,&quot;controls&quot;:&quot;yes&quot;}\" data-widget_type=\"video.default\">\n\t\t\t\t<div class=\"elementor-widget-container\">\n\t\t\t\t\t\t\t<div class=\"elementor-wrapper elementor-open-inline\">\n\t\t\t<div class=\"elementor-video\"><\/div>\t\t<\/div>\n\t\t\t\t\t\t<\/div>\n\t\t\t\t<\/div>\n\t\t\t\t\t<\/div>\n\t\t<\/div>\n\t\t\t\t\t<\/div>\n\t\t<\/section>\n\t\t\t\t\t<\/div>\n\t\t<\/div>\n\t\t\t\t\t<\/div>\n\t\t<\/section>\n\t\t\t\t<section class=\"elementor-section elementor-top-section elementor-element elementor-element-1b38a09 elementor-section-content-middle elementor-section-boxed elementor-section-height-default elementor-section-height-default\" data-id=\"1b38a09\" data-element_type=\"section\" data-e-type=\"section\" data-settings=\"{&quot;background_background&quot;:&quot;classic&quot;}\">\n\t\t\t\t\t\t<div class=\"elementor-container elementor-column-gap-no\">\n\t\t\t\t\t<div class=\"elementor-column elementor-col-50 elementor-top-column elementor-element elementor-element-fa0ad96\" data-id=\"fa0ad96\" data-element_type=\"column\" data-e-type=\"column\">\n\t\t\t<div class=\"elementor-widget-wrap elementor-element-populated\">\n\t\t\t\t\t\t<div class=\"elementor-element elementor-element-7961287a elementor-invisible elementor-widget elementor-widget-image\" data-id=\"7961287a\" data-element_type=\"widget\" data-e-type=\"widget\" data-settings=\"{&quot;_animation&quot;:&quot;fadeIn&quot;}\" data-widget_type=\"image.default\">\n\t\t\t\t<div class=\"elementor-widget-container\">\n\t\t\t\t\t\t\t\t\t\t\t\t\t\t\t<img decoding=\"async\" src=\"https:\/\/www.ascbg.fr\/artsmartiaux\/wp-content\/uploads\/sites\/6\/elementor\/thumbs\/AdobeStock_207179371-r2duy56a6jlm8ehl00r9s0c1cenz749fdgfeve2kq8.png\" title=\"AdobeStock_207179371\" alt=\"AdobeStock_207179371\" loading=\"lazy\" \/>\t\t\t\t\t\t\t\t\t\t\t\t\t\t\t<\/div>\n\t\t\t\t<\/div>\n\t\t\t\t\t<\/div>\n\t\t<\/div>\n\t\t\t\t<div class=\"elementor-column elementor-col-50 elementor-top-column elementor-element elementor-element-35eba260\" data-id=\"35eba260\" data-element_type=\"column\" data-e-type=\"column\" data-settings=\"{&quot;background_background&quot;:&quot;classic&quot;}\">\n\t\t\t<div class=\"elementor-widget-wrap elementor-element-populated\">\n\t\t\t\t\t\t<div class=\"elementor-element elementor-element-519fa725 elementor-widget elementor-widget-heading\" data-id=\"519fa725\" data-element_type=\"widget\" data-e-type=\"widget\" data-widget_type=\"heading.default\">\n\t\t\t\t<div class=\"elementor-widget-container\">\n\t\t\t\t\t<h3 class=\"elementor-heading-title elementor-size-default\">DOSHIKAN<\/h3>\t\t\t\t<\/div>\n\t\t\t\t<\/div>\n\t\t\t\t<div class=\"elementor-element elementor-element-4245cbe6 elementor-widget elementor-widget-heading\" data-id=\"4245cbe6\" data-element_type=\"widget\" data-e-type=\"widget\" data-widget_type=\"heading.default\">\n\t\t\t\t<div class=\"elementor-widget-container\">\n\t\t\t\t\t<h2 class=\"elementor-heading-title elementor-size-default\">Ecole ryushin shouchi ryu<\/h2>\t\t\t\t<\/div>\n\t\t\t\t<\/div>\n\t\t\t\t<div class=\"elementor-element elementor-element-40717671 elementor-widget elementor-widget-text-editor\" data-id=\"40717671\" data-element_type=\"widget\" data-e-type=\"widget\" data-widget_type=\"text-editor.default\">\n\t\t\t\t<div class=\"elementor-widget-container\">\n\t\t\t\t\t\t\t\t\t<div id=\"m_4555698168106190131AppleMailSignature\" dir=\"ltr\"><p>La Philosophie de l\u2019\u00e9cole\u00a0:<\/p><p>La philosophie du Ryushin Shouchi Ryu est similaire \u00e0 la plupart des formes modernes de Budo et repose sur un entra\u00eenement rigoureux pour conditionner le corps et l&rsquo;esprit dans le but ultime de s&rsquo;am\u00e9liorer, et non de tuer un ennemi ; un concept mieux connu sous le nom de fudoshin (esprit immobile), qui fait r\u00e9f\u00e9rence \u00e0 un \u00e9tat d&rsquo;\u00e9quilibre. Pour cette raison, le fondateur du style, Kawabata Terutaka, a choisi le nom Ryushin Shouchi Ryu. Ryushin signifie \u00ab esprit ou c\u0153ur du saule \u00bb et donne l&rsquo;image de cet arbre flexible mais fort. Shouchi signifie \u00ab sagesse brillante \u00bb. Ensemble, les mots v\u00e9hiculent le sens de \u00ab\u00a0\u00e9tablir une sagesse immuable et un esprit quotidien dans le monde \u00e0 travers un corps et un esprit forts et flexibles\u00a0\u00bb.<\/p><p>\u00c9crit par Kawabata Sensei et Yahagi Sensei<\/p><\/div>\t\t\t\t\t\t\t\t<\/div>\n\t\t\t\t<\/div>\n\t\t\t\t<div class=\"elementor-element elementor-element-65ad2343 elementor-widget-divider--view-line elementor-invisible elementor-widget elementor-widget-divider\" data-id=\"65ad2343\" data-element_type=\"widget\" data-e-type=\"widget\" data-settings=\"{&quot;_animation&quot;:&quot;fadeInUp&quot;}\" data-widget_type=\"divider.default\">\n\t\t\t\t<div class=\"elementor-widget-container\">\n\t\t\t\t\t\t\t<div class=\"elementor-divider\">\n\t\t\t<span class=\"elementor-divider-separator\">\n\t\t\t\t\t\t<\/span>\n\t\t<\/div>\n\t\t\t\t\t\t<\/div>\n\t\t\t\t<\/div>\n\t\t\t\t\t<\/div>\n\t\t<\/div>\n\t\t\t\t\t<\/div>\n\t\t<\/section>\n\t\t\t\t<\/div>\n\t\t","protected":false},"excerpt":{"rendered":"<p>IAIJUTSU LA VOIE DU SABRE L&rsquo;Ia\u00efjutsu est un art martial japonais consacr\u00e9 \u00e0 l&rsquo;art de d\u00e9gainer le sabre (katana) et de trancher en un seul mouvement fluide. Son histoire remonte \u00e0 l&rsquo;\u00e9poque des samoura\u00efs, principalement durant la p\u00e9riode Muromachi (1336-1573) et la p\u00e9riode Edo (1603-1868). Lire plus C&rsquo;est la rentr\u00e9e, venez nous retrouver au dojo les mardis et jeudis de 19h15 \u00e0 21h15. N\u2019h\u00e9sitez pas \u00e0 venir tester deux ou trois cours afin de vous faire votre propre id\u00e9e sur cette discipline que je pratique depuis 2010, un surv\u00eatement suffit ! Renseignements Olivier LE RESTE au 06 07 47 25 86 Insciptions DOSHIKAN Ecole ryushin shouchi ryu La Philosophie de l\u2019\u00e9cole\u00a0: La philosophie du Ryushin Shouchi Ryu est similaire \u00e0 la plupart des formes modernes de Budo et repose sur un entra\u00eenement rigoureux pour conditionner le corps et l&rsquo;esprit dans le but ultime de s&rsquo;am\u00e9liorer, et non de tuer un&hellip;<\/p>\n<p> <a class=\"more-link\" href=\"https:\/\/www.ascbg.fr\/artsmartiaux\/iaijutsu\/\">Lire la suite<\/a><\/p>\n","protected":false},"author":5,"featured_media":0,"parent":0,"menu_order":1,"comment_status":"closed","ping_status":"closed","template":"elementor_header_footer","meta":{"footnotes":""},"class_list":["post-15","page","type-page","status-publish"],"yoast_head":"<!-- This site is optimized with the Yoast SEO plugin v27.5 - https:\/\/yoast.com\/product\/yoast-seo-wordpress\/ -->\n<title>Iaijutsu - Arts Martiaux<\/title>\n<meta name=\"robots\" content=\"index, follow, max-snippet:-1, max-image-preview:large, max-video-preview:-1\" \/>\n<link rel=\"canonical\" href=\"https:\/\/www.ascbg.fr\/artsmartiaux\/iaijutsu\/\" \/>\n<meta property=\"og:locale\" content=\"fr_FR\" \/>\n<meta property=\"og:type\" content=\"article\" \/>\n<meta property=\"og:title\" content=\"Iaijutsu - Arts Martiaux\" \/>\n<meta property=\"og:description\" content=\"IAIJUTSU LA VOIE DU SABRE L&rsquo;Ia\u00efjutsu est un art martial japonais consacr\u00e9 \u00e0 l&rsquo;art de d\u00e9gainer le sabre (katana) et de trancher en un seul mouvement fluide. Son histoire remonte \u00e0 l&rsquo;\u00e9poque des samoura\u00efs, principalement durant la p\u00e9riode Muromachi (1336-1573) et la p\u00e9riode Edo (1603-1868). Lire plus C&rsquo;est la rentr\u00e9e, venez nous retrouver au dojo les mardis et jeudis de 19h15 \u00e0 21h15. N\u2019h\u00e9sitez pas \u00e0 venir tester deux ou trois cours afin de vous faire votre propre id\u00e9e sur cette discipline que je pratique depuis 2010, un surv\u00eatement suffit ! Renseignements Olivier LE RESTE au 06 07 47 25 86 Insciptions DOSHIKAN Ecole ryushin shouchi ryu La Philosophie de l\u2019\u00e9cole\u00a0: La philosophie du Ryushin Shouchi Ryu est similaire \u00e0 la plupart des formes modernes de Budo et repose sur un entra\u00eenement rigoureux pour conditionner le corps et l&rsquo;esprit dans le but ultime de s&rsquo;am\u00e9liorer, et non de tuer un&hellip;  Lire la suite\" \/>\n<meta property=\"og:url\" content=\"https:\/\/www.ascbg.fr\/artsmartiaux\/iaijutsu\/\" \/>\n<meta property=\"og:site_name\" content=\"Arts Martiaux\" \/>\n<meta property=\"article:modified_time\" content=\"2025-09-09T08:48:28+00:00\" \/>\n<meta property=\"og:image\" content=\"https:\/\/www.ascbg.fr\/artsmartiaux\/wp-content\/uploads\/sites\/6\/elementor\/thumbs\/AdobeStock_207179371-r2duy56a6jlm8ehl00r9s0c1cenz749fdgfeve2kq8.png\" \/>\n<meta name=\"twitter:card\" content=\"summary_large_image\" \/>\n<meta name=\"twitter:label1\" content=\"Dur\u00e9e de lecture estim\u00e9e\" \/>\n\t<meta name=\"twitter:data1\" content=\"2 minutes\" \/>\n<script type=\"application\/ld+json\" class=\"yoast-schema-graph\">{\"@context\":\"https:\\\/\\\/schema.org\",\"@graph\":[{\"@type\":\"WebPage\",\"@id\":\"https:\\\/\\\/www.ascbg.fr\\\/artsmartiaux\\\/iaijutsu\\\/\",\"url\":\"https:\\\/\\\/www.ascbg.fr\\\/artsmartiaux\\\/iaijutsu\\\/\",\"name\":\"Iaijutsu - Arts Martiaux\",\"isPartOf\":{\"@id\":\"https:\\\/\\\/www.ascbg.fr\\\/artsmartiaux\\\/#website\"},\"primaryImageOfPage\":{\"@id\":\"https:\\\/\\\/www.ascbg.fr\\\/artsmartiaux\\\/iaijutsu\\\/#primaryimage\"},\"image\":{\"@id\":\"https:\\\/\\\/www.ascbg.fr\\\/artsmartiaux\\\/iaijutsu\\\/#primaryimage\"},\"thumbnailUrl\":\"https:\\\/\\\/www.ascbg.fr\\\/artsmartiaux\\\/wp-content\\\/uploads\\\/sites\\\/6\\\/elementor\\\/thumbs\\\/AdobeStock_207179371-r2duy56a6jlm8ehl00r9s0c1cenz749fdgfeve2kq8.png\",\"datePublished\":\"2023-08-19T14:44:29+00:00\",\"dateModified\":\"2025-09-09T08:48:28+00:00\",\"breadcrumb\":{\"@id\":\"https:\\\/\\\/www.ascbg.fr\\\/artsmartiaux\\\/iaijutsu\\\/#breadcrumb\"},\"inLanguage\":\"fr-FR\",\"potentialAction\":[{\"@type\":\"ReadAction\",\"target\":[\"https:\\\/\\\/www.ascbg.fr\\\/artsmartiaux\\\/iaijutsu\\\/\"]}]},{\"@type\":\"ImageObject\",\"inLanguage\":\"fr-FR\",\"@id\":\"https:\\\/\\\/www.ascbg.fr\\\/artsmartiaux\\\/iaijutsu\\\/#primaryimage\",\"url\":\"https:\\\/\\\/www.ascbg.fr\\\/artsmartiaux\\\/wp-content\\\/uploads\\\/sites\\\/6\\\/elementor\\\/thumbs\\\/AdobeStock_207179371-r2duy56a6jlm8ehl00r9s0c1cenz749fdgfeve2kq8.png\",\"contentUrl\":\"https:\\\/\\\/www.ascbg.fr\\\/artsmartiaux\\\/wp-content\\\/uploads\\\/sites\\\/6\\\/elementor\\\/thumbs\\\/AdobeStock_207179371-r2duy56a6jlm8ehl00r9s0c1cenz749fdgfeve2kq8.png\"},{\"@type\":\"BreadcrumbList\",\"@id\":\"https:\\\/\\\/www.ascbg.fr\\\/artsmartiaux\\\/iaijutsu\\\/#breadcrumb\",\"itemListElement\":[{\"@type\":\"ListItem\",\"position\":1,\"name\":\"Accueil\",\"item\":\"https:\\\/\\\/www.ascbg.fr\\\/artsmartiaux\\\/\"},{\"@type\":\"ListItem\",\"position\":2,\"name\":\"Iaijutsu\"}]},{\"@type\":\"WebSite\",\"@id\":\"https:\\\/\\\/www.ascbg.fr\\\/artsmartiaux\\\/#website\",\"url\":\"https:\\\/\\\/www.ascbg.fr\\\/artsmartiaux\\\/\",\"name\":\"Arts Martiaux\",\"description\":\"\",\"publisher\":{\"@id\":\"https:\\\/\\\/www.ascbg.fr\\\/artsmartiaux\\\/#organization\"},\"potentialAction\":[{\"@type\":\"SearchAction\",\"target\":{\"@type\":\"EntryPoint\",\"urlTemplate\":\"https:\\\/\\\/www.ascbg.fr\\\/artsmartiaux\\\/?s={search_term_string}\"},\"query-input\":{\"@type\":\"PropertyValueSpecification\",\"valueRequired\":true,\"valueName\":\"search_term_string\"}}],\"inLanguage\":\"fr-FR\"},{\"@type\":\"Organization\",\"@id\":\"https:\\\/\\\/www.ascbg.fr\\\/artsmartiaux\\\/#organization\",\"name\":\"Arts Martiaux\",\"url\":\"https:\\\/\\\/www.ascbg.fr\\\/artsmartiaux\\\/\",\"logo\":{\"@type\":\"ImageObject\",\"inLanguage\":\"fr-FR\",\"@id\":\"https:\\\/\\\/www.ascbg.fr\\\/artsmartiaux\\\/#\\\/schema\\\/logo\\\/image\\\/\",\"url\":\"https:\\\/\\\/www.ascbg.fr\\\/artsmartiaux\\\/wp-content\\\/uploads\\\/sites\\\/6\\\/2024\\\/08\\\/cropped-ASCBG-Embleme-1.png\",\"contentUrl\":\"https:\\\/\\\/www.ascbg.fr\\\/artsmartiaux\\\/wp-content\\\/uploads\\\/sites\\\/6\\\/2024\\\/08\\\/cropped-ASCBG-Embleme-1.png\",\"width\":6507,\"height\":6507,\"caption\":\"Arts Martiaux\"},\"image\":{\"@id\":\"https:\\\/\\\/www.ascbg.fr\\\/artsmartiaux\\\/#\\\/schema\\\/logo\\\/image\\\/\"}}]}<\/script>\n<!-- \/ Yoast SEO plugin. -->","yoast_head_json":{"title":"Iaijutsu - Arts Martiaux","robots":{"index":"index","follow":"follow","max-snippet":"max-snippet:-1","max-image-preview":"max-image-preview:large","max-video-preview":"max-video-preview:-1"},"canonical":"https:\/\/www.ascbg.fr\/artsmartiaux\/iaijutsu\/","og_locale":"fr_FR","og_type":"article","og_title":"Iaijutsu - Arts Martiaux","og_description":"IAIJUTSU LA VOIE DU SABRE L&rsquo;Ia\u00efjutsu est un art martial japonais consacr\u00e9 \u00e0 l&rsquo;art de d\u00e9gainer le sabre (katana) et de trancher en un seul mouvement fluide. Son histoire remonte \u00e0 l&rsquo;\u00e9poque des samoura\u00efs, principalement durant la p\u00e9riode Muromachi (1336-1573) et la p\u00e9riode Edo (1603-1868). Lire plus C&rsquo;est la rentr\u00e9e, venez nous retrouver au dojo les mardis et jeudis de 19h15 \u00e0 21h15. N\u2019h\u00e9sitez pas \u00e0 venir tester deux ou trois cours afin de vous faire votre propre id\u00e9e sur cette discipline que je pratique depuis 2010, un surv\u00eatement suffit ! Renseignements Olivier LE RESTE au 06 07 47 25 86 Insciptions DOSHIKAN Ecole ryushin shouchi ryu La Philosophie de l\u2019\u00e9cole\u00a0: La philosophie du Ryushin Shouchi Ryu est similaire \u00e0 la plupart des formes modernes de Budo et repose sur un entra\u00eenement rigoureux pour conditionner le corps et l&rsquo;esprit dans le but ultime de s&rsquo;am\u00e9liorer, et non de tuer un&hellip;  Lire la suite","og_url":"https:\/\/www.ascbg.fr\/artsmartiaux\/iaijutsu\/","og_site_name":"Arts Martiaux","article_modified_time":"2025-09-09T08:48:28+00:00","og_image":[{"url":"https:\/\/www.ascbg.fr\/artsmartiaux\/wp-content\/uploads\/sites\/6\/elementor\/thumbs\/AdobeStock_207179371-r2duy56a6jlm8ehl00r9s0c1cenz749fdgfeve2kq8.png","type":"","width":"","height":""}],"twitter_card":"summary_large_image","twitter_misc":{"Dur\u00e9e de lecture estim\u00e9e":"2 minutes"},"schema":{"@context":"https:\/\/schema.org","@graph":[{"@type":"WebPage","@id":"https:\/\/www.ascbg.fr\/artsmartiaux\/iaijutsu\/","url":"https:\/\/www.ascbg.fr\/artsmartiaux\/iaijutsu\/","name":"Iaijutsu - Arts Martiaux","isPartOf":{"@id":"https:\/\/www.ascbg.fr\/artsmartiaux\/#website"},"primaryImageOfPage":{"@id":"https:\/\/www.ascbg.fr\/artsmartiaux\/iaijutsu\/#primaryimage"},"image":{"@id":"https:\/\/www.ascbg.fr\/artsmartiaux\/iaijutsu\/#primaryimage"},"thumbnailUrl":"https:\/\/www.ascbg.fr\/artsmartiaux\/wp-content\/uploads\/sites\/6\/elementor\/thumbs\/AdobeStock_207179371-r2duy56a6jlm8ehl00r9s0c1cenz749fdgfeve2kq8.png","datePublished":"2023-08-19T14:44:29+00:00","dateModified":"2025-09-09T08:48:28+00:00","breadcrumb":{"@id":"https:\/\/www.ascbg.fr\/artsmartiaux\/iaijutsu\/#breadcrumb"},"inLanguage":"fr-FR","potentialAction":[{"@type":"ReadAction","target":["https:\/\/www.ascbg.fr\/artsmartiaux\/iaijutsu\/"]}]},{"@type":"ImageObject","inLanguage":"fr-FR","@id":"https:\/\/www.ascbg.fr\/artsmartiaux\/iaijutsu\/#primaryimage","url":"https:\/\/www.ascbg.fr\/artsmartiaux\/wp-content\/uploads\/sites\/6\/elementor\/thumbs\/AdobeStock_207179371-r2duy56a6jlm8ehl00r9s0c1cenz749fdgfeve2kq8.png","contentUrl":"https:\/\/www.ascbg.fr\/artsmartiaux\/wp-content\/uploads\/sites\/6\/elementor\/thumbs\/AdobeStock_207179371-r2duy56a6jlm8ehl00r9s0c1cenz749fdgfeve2kq8.png"},{"@type":"BreadcrumbList","@id":"https:\/\/www.ascbg.fr\/artsmartiaux\/iaijutsu\/#breadcrumb","itemListElement":[{"@type":"ListItem","position":1,"name":"Accueil","item":"https:\/\/www.ascbg.fr\/artsmartiaux\/"},{"@type":"ListItem","position":2,"name":"Iaijutsu"}]},{"@type":"WebSite","@id":"https:\/\/www.ascbg.fr\/artsmartiaux\/#website","url":"https:\/\/www.ascbg.fr\/artsmartiaux\/","name":"Arts Martiaux","description":"","publisher":{"@id":"https:\/\/www.ascbg.fr\/artsmartiaux\/#organization"},"potentialAction":[{"@type":"SearchAction","target":{"@type":"EntryPoint","urlTemplate":"https:\/\/www.ascbg.fr\/artsmartiaux\/?s={search_term_string}"},"query-input":{"@type":"PropertyValueSpecification","valueRequired":true,"valueName":"search_term_string"}}],"inLanguage":"fr-FR"},{"@type":"Organization","@id":"https:\/\/www.ascbg.fr\/artsmartiaux\/#organization","name":"Arts Martiaux","url":"https:\/\/www.ascbg.fr\/artsmartiaux\/","logo":{"@type":"ImageObject","inLanguage":"fr-FR","@id":"https:\/\/www.ascbg.fr\/artsmartiaux\/#\/schema\/logo\/image\/","url":"https:\/\/www.ascbg.fr\/artsmartiaux\/wp-content\/uploads\/sites\/6\/2024\/08\/cropped-ASCBG-Embleme-1.png","contentUrl":"https:\/\/www.ascbg.fr\/artsmartiaux\/wp-content\/uploads\/sites\/6\/2024\/08\/cropped-ASCBG-Embleme-1.png","width":6507,"height":6507,"caption":"Arts Martiaux"},"image":{"@id":"https:\/\/www.ascbg.fr\/artsmartiaux\/#\/schema\/logo\/image\/"}}]}},"_links":{"self":[{"href":"https:\/\/www.ascbg.fr\/artsmartiaux\/wp-json\/wp\/v2\/pages\/15","targetHints":{"allow":["GET"]}}],"collection":[{"href":"https:\/\/www.ascbg.fr\/artsmartiaux\/wp-json\/wp\/v2\/pages"}],"about":[{"href":"https:\/\/www.ascbg.fr\/artsmartiaux\/wp-json\/wp\/v2\/types\/page"}],"author":[{"embeddable":true,"href":"https:\/\/www.ascbg.fr\/artsmartiaux\/wp-json\/wp\/v2\/users\/5"}],"replies":[{"embeddable":true,"href":"https:\/\/www.ascbg.fr\/artsmartiaux\/wp-json\/wp\/v2\/comments?post=15"}],"version-history":[{"count":27,"href":"https:\/\/www.ascbg.fr\/artsmartiaux\/wp-json\/wp\/v2\/pages\/15\/revisions"}],"predecessor-version":[{"id":262,"href":"https:\/\/www.ascbg.fr\/artsmartiaux\/wp-json\/wp\/v2\/pages\/15\/revisions\/262"}],"wp:attachment":[{"href":"https:\/\/www.ascbg.fr\/artsmartiaux\/wp-json\/wp\/v2\/media?parent=15"}],"curies":[{"name":"wp","href":"https:\/\/api.w.org\/{rel}","templated":true}]}}