{"id":1857,"date":"2021-06-01T12:31:11","date_gmt":"2021-06-01T10:31:11","guid":{"rendered":"https:\/\/www.ascbggaf.org\/?page_id=1857"},"modified":"2025-06-05T05:44:15","modified_gmt":"2025-06-05T03:44:15","slug":"multi-eveil","status":"publish","type":"page","link":"https:\/\/www.ascbg.fr\/gaf\/multi-eveil\/","title":{"rendered":"Multi-\u00c9veil"},"content":{"rendered":"\t\t<div data-elementor-type=\"wp-page\" data-elementor-id=\"1857\" class=\"elementor elementor-1857\">\n\t\t\t\t\t\t<section class=\"elementor-section elementor-top-section elementor-element elementor-element-2d2b92b1 elementor-section-content-middle elementor-section-stretched elementor-section-boxed elementor-section-height-default elementor-section-height-default\" data-id=\"2d2b92b1\" data-element_type=\"section\" data-e-type=\"section\" data-settings=\"{&quot;background_background&quot;:&quot;classic&quot;,&quot;stretch_section&quot;:&quot;section-stretched&quot;}\">\n\t\t\t\t\t\t<div class=\"elementor-container elementor-column-gap-default\">\n\t\t\t\t\t<div class=\"elementor-column elementor-col-100 elementor-top-column elementor-element elementor-element-6681965e\" data-id=\"6681965e\" data-element_type=\"column\" data-e-type=\"column\">\n\t\t\t<div class=\"elementor-widget-wrap elementor-element-populated\">\n\t\t\t\t\t\t<div class=\"elementor-element elementor-element-47a56976 elementor-widget elementor-widget-heading\" data-id=\"47a56976\" data-element_type=\"widget\" data-e-type=\"widget\" data-widget_type=\"heading.default\">\n\t\t\t\t<div class=\"elementor-widget-container\">\n\t\t\t\t\t<h2 class=\"elementor-heading-title elementor-size-default\">CONTINUER DE (SE) D\u00e9couvrir<\/h2>\t\t\t\t<\/div>\n\t\t\t\t<\/div>\n\t\t\t\t<div class=\"elementor-element elementor-element-269042a9 elementor-widget elementor-widget-text-editor\" data-id=\"269042a9\" data-element_type=\"widget\" data-e-type=\"widget\" data-widget_type=\"text-editor.default\">\n\t\t\t\t<div class=\"elementor-widget-container\">\n\t\t\t\t\t\t\t\t\t<div dir=\"ltr\"><div><div><div><div><div>\u00a0<\/div><div>St\u00e9renn, sp\u00e9cialiste des sports propos\u00e9s, guidera votre enfant \u00e0 travers le tennis de table, l&rsquo;athl\u00e9tisme, le roller, la gymnastique, le kinball, et bien d&rsquo;autres.\u00a0<\/div><div>\u00a0<\/div><div>L&rsquo;accent est mis sur l&rsquo;\u00e9largissement de la motricit\u00e9 corporelle, la coop\u00e9ration et le respect des autres. Cette mixit\u00e9, organis\u00e9e par cycles, permet aux enfants de d\u00e9couvrir trois activit\u00e9s diff\u00e9rentes par p\u00e9riode scolaire, favorisant leur d\u00e9veloppement physique et social. Bonne Garde, association dynamique, offre un environnement stimulant et enrichissant pour les petits.<\/div><div>\u00a0<\/div><\/div><div>Une s\u00e9ance hebdomadaire de 60 minutes et pas de cours pendant les vacances scolaires.\u00a0<\/div><\/div><\/div><\/div><\/div>\t\t\t\t\t\t\t\t<\/div>\n\t\t\t\t<\/div>\n\t\t\t\t<div class=\"elementor-element elementor-element-a5cfc61 elementor-widget__width-initial elementor-widget elementor-widget-button\" data-id=\"a5cfc61\" data-element_type=\"widget\" data-e-type=\"widget\" data-widget_type=\"button.default\">\n\t\t\t\t<div class=\"elementor-widget-container\">\n\t\t\t\t\t\t\t\t\t<div class=\"elementor-button-wrapper\">\n\t\t\t\t\t<a class=\"elementor-button elementor-button-link elementor-size-sm\" href=\"https:\/\/www.ascbg.fr\/gaf\/multi-eveil-creneaux\/\">\n\t\t\t\t\t\t<span class=\"elementor-button-content-wrapper\">\n\t\t\t\t\t\t\t\t\t<span class=\"elementor-button-text\">Cr\u00e9neaux<\/span>\n\t\t\t\t\t<\/span>\n\t\t\t\t\t<\/a>\n\t\t\t\t<\/div>\n\t\t\t\t\t\t\t\t<\/div>\n\t\t\t\t<\/div>\n\t\t\t\t<div class=\"elementor-element elementor-element-cdf13f4 elementor-widget__width-initial elementor-widget elementor-widget-button\" data-id=\"cdf13f4\" data-element_type=\"widget\" data-e-type=\"widget\" data-widget_type=\"button.default\">\n\t\t\t\t<div class=\"elementor-widget-container\">\n\t\t\t\t\t\t\t\t\t<div class=\"elementor-button-wrapper\">\n\t\t\t\t\t<a class=\"elementor-button elementor-button-link elementor-size-sm\" href=\"https:\/\/ascbg.monclub.app\/app\/66f2462ce4639600af1bdc85\">\n\t\t\t\t\t\t<span class=\"elementor-button-content-wrapper\">\n\t\t\t\t\t\t\t\t\t<span class=\"elementor-button-text\">Je veux m'inscrire \u00e0 l'activit\u00e9 Multi Eveil<\/span>\n\t\t\t\t\t<\/span>\n\t\t\t\t\t<\/a>\n\t\t\t\t<\/div>\n\t\t\t\t\t\t\t\t<\/div>\n\t\t\t\t<\/div>\n\t\t\t\t\t<\/div>\n\t\t<\/div>\n\t\t\t\t\t<\/div>\n\t\t<\/section>\n\t\t<div class=\"elementor-element elementor-element-bd31a9d e-flex e-con-boxed e-con e-parent\" data-id=\"bd31a9d\" data-element_type=\"container\" data-e-type=\"container\">\n\t\t\t\t\t<div class=\"e-con-inner\">\n\t\t\t\t\t<\/div>\n\t\t\t\t<\/div>\n\t\t<div class=\"elementor-element elementor-element-a3896e9 e-flex e-con-boxed e-con e-parent\" data-id=\"a3896e9\" data-element_type=\"container\" data-e-type=\"container\">\n\t\t\t\t\t<div class=\"e-con-inner\">\n\t\t\t\t<div class=\"elementor-element elementor-element-aebf1e0 elementor-widget elementor-widget-image\" data-id=\"aebf1e0\" data-element_type=\"widget\" data-e-type=\"widget\" data-widget_type=\"image.default\">\n\t\t\t\t<div class=\"elementor-widget-container\">\n\t\t\t\t\t\t\t\t\t\t\t\t\t\t\t<img fetchpriority=\"high\" decoding=\"async\" width=\"768\" height=\"1024\" src=\"https:\/\/www.ascbg.fr\/gaf\/wp-content\/uploads\/sites\/4\/2024\/09\/IMG_0751-1-scaled-1-768x1024.jpg\" class=\"attachment-large size-large wp-image-6506\" alt=\"\" srcset=\"https:\/\/www.ascbg.fr\/gaf\/wp-content\/uploads\/sites\/4\/2024\/09\/IMG_0751-1-scaled-1-768x1024.jpg 768w, https:\/\/www.ascbg.fr\/gaf\/wp-content\/uploads\/sites\/4\/2024\/09\/IMG_0751-1-scaled-1-225x300.jpg 225w, https:\/\/www.ascbg.fr\/gaf\/wp-content\/uploads\/sites\/4\/2024\/09\/IMG_0751-1-scaled-1-1152x1536.jpg 1152w, https:\/\/www.ascbg.fr\/gaf\/wp-content\/uploads\/sites\/4\/2024\/09\/IMG_0751-1-scaled-1-1536x2048.jpg 1536w, https:\/\/www.ascbg.fr\/gaf\/wp-content\/uploads\/sites\/4\/2024\/09\/IMG_0751-1-scaled-1.jpg 1920w\" sizes=\"(max-width: 768px) 100vw, 768px\" \/>\t\t\t\t\t\t\t\t\t\t\t\t\t\t\t<\/div>\n\t\t\t\t<\/div>\n\t\t\t\t\t<\/div>\n\t\t\t\t<\/div>\n\t\t\t\t<\/div>\n\t\t","protected":false},"excerpt":{"rendered":"<p>CONTINUER DE (SE) D\u00e9couvrir \u00a0St\u00e9renn, sp\u00e9cialiste des sports propos\u00e9s, guidera votre enfant \u00e0 travers le tennis de table, l&rsquo;athl\u00e9tisme, le roller, la gymnastique, le kinball, et bien d&rsquo;autres.\u00a0\u00a0L&rsquo;accent est mis sur l&rsquo;\u00e9largissement de la motricit\u00e9 corporelle, la coop\u00e9ration et le respect des autres. Cette mixit\u00e9, organis\u00e9e par cycles, permet aux enfants de d\u00e9couvrir trois activit\u00e9s diff\u00e9rentes par p\u00e9riode scolaire, favorisant leur d\u00e9veloppement physique et social. Bonne Garde, association dynamique, offre un environnement stimulant et enrichissant pour les petits.\u00a0Une s\u00e9ance hebdomadaire de 60 minutes et pas de cours pendant les vacances scolaires.\u00a0 Cr\u00e9neaux Je veux m&rsquo;inscrire \u00e0 l&rsquo;activit\u00e9 Multi Eveil<\/p>\n","protected":false},"author":3,"featured_media":1906,"parent":0,"menu_order":0,"comment_status":"closed","ping_status":"closed","template":"elementor_header_footer","meta":{"footnotes":""},"class_list":["post-1857","page","type-page","status-publish","has-post-thumbnail"],"yoast_head":"<!-- This site is optimized with the Yoast SEO plugin v27.5 - https:\/\/yoast.com\/product\/yoast-seo-wordpress\/ -->\n<title>Multi-\u00c9veil - Gymnastique F\u00e9minine<\/title>\n<meta name=\"robots\" content=\"index, follow, max-snippet:-1, max-image-preview:large, max-video-preview:-1\" \/>\n<link rel=\"canonical\" href=\"https:\/\/www.ascbg.fr\/gaf\/multi-eveil\/\" \/>\n<meta property=\"og:locale\" content=\"fr_FR\" \/>\n<meta property=\"og:type\" content=\"article\" \/>\n<meta property=\"og:title\" content=\"Multi-\u00c9veil - Gymnastique F\u00e9minine\" \/>\n<meta property=\"og:description\" content=\"CONTINUER DE (SE) D\u00e9couvrir \u00a0St\u00e9renn, sp\u00e9cialiste des sports propos\u00e9s, guidera votre enfant \u00e0 travers le tennis de table, l&rsquo;athl\u00e9tisme, le roller, la gymnastique, le kinball, et bien d&rsquo;autres.\u00a0\u00a0L&rsquo;accent est mis sur l&rsquo;\u00e9largissement de la motricit\u00e9 corporelle, la coop\u00e9ration et le respect des autres. Cette mixit\u00e9, organis\u00e9e par cycles, permet aux enfants de d\u00e9couvrir trois activit\u00e9s diff\u00e9rentes par p\u00e9riode scolaire, favorisant leur d\u00e9veloppement physique et social. Bonne Garde, association dynamique, offre un environnement stimulant et enrichissant pour les petits.\u00a0Une s\u00e9ance hebdomadaire de 60 minutes et pas de cours pendant les vacances scolaires.\u00a0 Cr\u00e9neaux Je veux m&rsquo;inscrire \u00e0 l&rsquo;activit\u00e9 Multi Eveil\" \/>\n<meta property=\"og:url\" content=\"https:\/\/www.ascbg.fr\/gaf\/multi-eveil\/\" \/>\n<meta property=\"og:site_name\" content=\"Gymnastique F\u00e9minine\" \/>\n<meta property=\"article:publisher\" content=\"https:\/\/www.facebook.com\/ascbggaf\" \/>\n<meta property=\"article:modified_time\" content=\"2025-06-05T03:44:15+00:00\" \/>\n<meta property=\"og:image\" content=\"https:\/\/www.ascbg.fr\/gaf\/wp-content\/uploads\/sites\/4\/2021\/06\/National-GAM-903-scaled-2.jpg\" \/>\n\t<meta property=\"og:image:width\" content=\"2560\" \/>\n\t<meta property=\"og:image:height\" content=\"1707\" \/>\n\t<meta property=\"og:image:type\" content=\"image\/jpeg\" \/>\n<meta name=\"twitter:card\" content=\"summary_large_image\" \/>\n<meta name=\"twitter:label1\" content=\"Dur\u00e9e de lecture estim\u00e9e\" \/>\n\t<meta name=\"twitter:data1\" content=\"2 minutes\" \/>\n<script type=\"application\/ld+json\" class=\"yoast-schema-graph\">{\"@context\":\"https:\\\/\\\/schema.org\",\"@graph\":[{\"@type\":\"WebPage\",\"@id\":\"https:\\\/\\\/www.ascbg.fr\\\/gaf\\\/multi-eveil\\\/\",\"url\":\"https:\\\/\\\/www.ascbg.fr\\\/gaf\\\/multi-eveil\\\/\",\"name\":\"Multi-\u00c9veil - Gymnastique F\u00e9minine\",\"isPartOf\":{\"@id\":\"https:\\\/\\\/www.ascbg.fr\\\/gaf\\\/#website\"},\"primaryImageOfPage\":{\"@id\":\"https:\\\/\\\/www.ascbg.fr\\\/gaf\\\/multi-eveil\\\/#primaryimage\"},\"image\":{\"@id\":\"https:\\\/\\\/www.ascbg.fr\\\/gaf\\\/multi-eveil\\\/#primaryimage\"},\"thumbnailUrl\":\"https:\\\/\\\/www.ascbg.fr\\\/gaf\\\/wp-content\\\/uploads\\\/sites\\\/4\\\/2021\\\/06\\\/National-GAM-903-scaled-2.jpg\",\"datePublished\":\"2021-06-01T10:31:11+00:00\",\"dateModified\":\"2025-06-05T03:44:15+00:00\",\"breadcrumb\":{\"@id\":\"https:\\\/\\\/www.ascbg.fr\\\/gaf\\\/multi-eveil\\\/#breadcrumb\"},\"inLanguage\":\"fr-FR\",\"potentialAction\":[{\"@type\":\"ReadAction\",\"target\":[\"https:\\\/\\\/www.ascbg.fr\\\/gaf\\\/multi-eveil\\\/\"]}]},{\"@type\":\"ImageObject\",\"inLanguage\":\"fr-FR\",\"@id\":\"https:\\\/\\\/www.ascbg.fr\\\/gaf\\\/multi-eveil\\\/#primaryimage\",\"url\":\"https:\\\/\\\/www.ascbg.fr\\\/gaf\\\/wp-content\\\/uploads\\\/sites\\\/4\\\/2021\\\/06\\\/National-GAM-903-scaled-2.jpg\",\"contentUrl\":\"https:\\\/\\\/www.ascbg.fr\\\/gaf\\\/wp-content\\\/uploads\\\/sites\\\/4\\\/2021\\\/06\\\/National-GAM-903-scaled-2.jpg\",\"width\":2560,\"height\":1707},{\"@type\":\"BreadcrumbList\",\"@id\":\"https:\\\/\\\/www.ascbg.fr\\\/gaf\\\/multi-eveil\\\/#breadcrumb\",\"itemListElement\":[{\"@type\":\"ListItem\",\"position\":1,\"name\":\"Accueil\",\"item\":\"https:\\\/\\\/www.ascbg.fr\\\/gaf\\\/\"},{\"@type\":\"ListItem\",\"position\":2,\"name\":\"Multi-\u00c9veil\"}]},{\"@type\":\"WebSite\",\"@id\":\"https:\\\/\\\/www.ascbg.fr\\\/gaf\\\/#website\",\"url\":\"https:\\\/\\\/www.ascbg.fr\\\/gaf\\\/\",\"name\":\"ASC Bonne Garde Activit\u00e9s Physiques F\u00e9minines\",\"description\":\"Vous souhaitez pratiquer une activit\u00e9 physique Gymnique ou Dans\u00e9e, venez \u00e0 l&#039;ASC Bonne Garde\",\"publisher\":{\"@id\":\"https:\\\/\\\/www.ascbg.fr\\\/gaf\\\/#organization\"},\"potentialAction\":[{\"@type\":\"SearchAction\",\"target\":{\"@type\":\"EntryPoint\",\"urlTemplate\":\"https:\\\/\\\/www.ascbg.fr\\\/gaf\\\/?s={search_term_string}\"},\"query-input\":{\"@type\":\"PropertyValueSpecification\",\"valueRequired\":true,\"valueName\":\"search_term_string\"}}],\"inLanguage\":\"fr-FR\"},{\"@type\":\"Organization\",\"@id\":\"https:\\\/\\\/www.ascbg.fr\\\/gaf\\\/#organization\",\"name\":\"ASC Bonne Garde Gymnastique F\u00e9minine\",\"url\":\"https:\\\/\\\/www.ascbg.fr\\\/gaf\\\/\",\"logo\":{\"@type\":\"ImageObject\",\"inLanguage\":\"fr-FR\",\"@id\":\"https:\\\/\\\/www.ascbg.fr\\\/gaf\\\/#\\\/schema\\\/logo\\\/image\\\/\",\"url\":\"https:\\\/\\\/www.ascbg.fr\\\/gaf\\\/wp-content\\\/uploads\\\/sites\\\/4\\\/2023\\\/11\\\/cropped-Favicon.png\",\"contentUrl\":\"https:\\\/\\\/www.ascbg.fr\\\/gaf\\\/wp-content\\\/uploads\\\/sites\\\/4\\\/2023\\\/11\\\/cropped-Favicon.png\",\"width\":500,\"height\":500,\"caption\":\"ASC Bonne Garde Gymnastique F\u00e9minine\"},\"image\":{\"@id\":\"https:\\\/\\\/www.ascbg.fr\\\/gaf\\\/#\\\/schema\\\/logo\\\/image\\\/\"},\"sameAs\":[\"https:\\\/\\\/www.facebook.com\\\/ascbggaf\",\"https:\\\/\\\/www.instagram.com\\\/ascbggaf\\\/\"]}]}<\/script>\n<!-- \/ Yoast SEO plugin. -->","yoast_head_json":{"title":"Multi-\u00c9veil - Gymnastique F\u00e9minine","robots":{"index":"index","follow":"follow","max-snippet":"max-snippet:-1","max-image-preview":"max-image-preview:large","max-video-preview":"max-video-preview:-1"},"canonical":"https:\/\/www.ascbg.fr\/gaf\/multi-eveil\/","og_locale":"fr_FR","og_type":"article","og_title":"Multi-\u00c9veil - Gymnastique F\u00e9minine","og_description":"CONTINUER DE (SE) D\u00e9couvrir \u00a0St\u00e9renn, sp\u00e9cialiste des sports propos\u00e9s, guidera votre enfant \u00e0 travers le tennis de table, l&rsquo;athl\u00e9tisme, le roller, la gymnastique, le kinball, et bien d&rsquo;autres.\u00a0\u00a0L&rsquo;accent est mis sur l&rsquo;\u00e9largissement de la motricit\u00e9 corporelle, la coop\u00e9ration et le respect des autres. Cette mixit\u00e9, organis\u00e9e par cycles, permet aux enfants de d\u00e9couvrir trois activit\u00e9s diff\u00e9rentes par p\u00e9riode scolaire, favorisant leur d\u00e9veloppement physique et social. Bonne Garde, association dynamique, offre un environnement stimulant et enrichissant pour les petits.\u00a0Une s\u00e9ance hebdomadaire de 60 minutes et pas de cours pendant les vacances scolaires.\u00a0 Cr\u00e9neaux Je veux m&rsquo;inscrire \u00e0 l&rsquo;activit\u00e9 Multi Eveil","og_url":"https:\/\/www.ascbg.fr\/gaf\/multi-eveil\/","og_site_name":"Gymnastique F\u00e9minine","article_publisher":"https:\/\/www.facebook.com\/ascbggaf","article_modified_time":"2025-06-05T03:44:15+00:00","og_image":[{"width":2560,"height":1707,"url":"https:\/\/www.ascbg.fr\/gaf\/wp-content\/uploads\/sites\/4\/2021\/06\/National-GAM-903-scaled-2.jpg","type":"image\/jpeg"}],"twitter_card":"summary_large_image","twitter_misc":{"Dur\u00e9e de lecture estim\u00e9e":"2 minutes"},"schema":{"@context":"https:\/\/schema.org","@graph":[{"@type":"WebPage","@id":"https:\/\/www.ascbg.fr\/gaf\/multi-eveil\/","url":"https:\/\/www.ascbg.fr\/gaf\/multi-eveil\/","name":"Multi-\u00c9veil - Gymnastique F\u00e9minine","isPartOf":{"@id":"https:\/\/www.ascbg.fr\/gaf\/#website"},"primaryImageOfPage":{"@id":"https:\/\/www.ascbg.fr\/gaf\/multi-eveil\/#primaryimage"},"image":{"@id":"https:\/\/www.ascbg.fr\/gaf\/multi-eveil\/#primaryimage"},"thumbnailUrl":"https:\/\/www.ascbg.fr\/gaf\/wp-content\/uploads\/sites\/4\/2021\/06\/National-GAM-903-scaled-2.jpg","datePublished":"2021-06-01T10:31:11+00:00","dateModified":"2025-06-05T03:44:15+00:00","breadcrumb":{"@id":"https:\/\/www.ascbg.fr\/gaf\/multi-eveil\/#breadcrumb"},"inLanguage":"fr-FR","potentialAction":[{"@type":"ReadAction","target":["https:\/\/www.ascbg.fr\/gaf\/multi-eveil\/"]}]},{"@type":"ImageObject","inLanguage":"fr-FR","@id":"https:\/\/www.ascbg.fr\/gaf\/multi-eveil\/#primaryimage","url":"https:\/\/www.ascbg.fr\/gaf\/wp-content\/uploads\/sites\/4\/2021\/06\/National-GAM-903-scaled-2.jpg","contentUrl":"https:\/\/www.ascbg.fr\/gaf\/wp-content\/uploads\/sites\/4\/2021\/06\/National-GAM-903-scaled-2.jpg","width":2560,"height":1707},{"@type":"BreadcrumbList","@id":"https:\/\/www.ascbg.fr\/gaf\/multi-eveil\/#breadcrumb","itemListElement":[{"@type":"ListItem","position":1,"name":"Accueil","item":"https:\/\/www.ascbg.fr\/gaf\/"},{"@type":"ListItem","position":2,"name":"Multi-\u00c9veil"}]},{"@type":"WebSite","@id":"https:\/\/www.ascbg.fr\/gaf\/#website","url":"https:\/\/www.ascbg.fr\/gaf\/","name":"ASC Bonne Garde Activit\u00e9s Physiques F\u00e9minines","description":"Vous souhaitez pratiquer une activit\u00e9 physique Gymnique ou Dans\u00e9e, venez \u00e0 l&#039;ASC Bonne Garde","publisher":{"@id":"https:\/\/www.ascbg.fr\/gaf\/#organization"},"potentialAction":[{"@type":"SearchAction","target":{"@type":"EntryPoint","urlTemplate":"https:\/\/www.ascbg.fr\/gaf\/?s={search_term_string}"},"query-input":{"@type":"PropertyValueSpecification","valueRequired":true,"valueName":"search_term_string"}}],"inLanguage":"fr-FR"},{"@type":"Organization","@id":"https:\/\/www.ascbg.fr\/gaf\/#organization","name":"ASC Bonne Garde Gymnastique F\u00e9minine","url":"https:\/\/www.ascbg.fr\/gaf\/","logo":{"@type":"ImageObject","inLanguage":"fr-FR","@id":"https:\/\/www.ascbg.fr\/gaf\/#\/schema\/logo\/image\/","url":"https:\/\/www.ascbg.fr\/gaf\/wp-content\/uploads\/sites\/4\/2023\/11\/cropped-Favicon.png","contentUrl":"https:\/\/www.ascbg.fr\/gaf\/wp-content\/uploads\/sites\/4\/2023\/11\/cropped-Favicon.png","width":500,"height":500,"caption":"ASC Bonne Garde Gymnastique F\u00e9minine"},"image":{"@id":"https:\/\/www.ascbg.fr\/gaf\/#\/schema\/logo\/image\/"},"sameAs":["https:\/\/www.facebook.com\/ascbggaf","https:\/\/www.instagram.com\/ascbggaf\/"]}]}},"_links":{"self":[{"href":"https:\/\/www.ascbg.fr\/gaf\/wp-json\/wp\/v2\/pages\/1857","targetHints":{"allow":["GET"]}}],"collection":[{"href":"https:\/\/www.ascbg.fr\/gaf\/wp-json\/wp\/v2\/pages"}],"about":[{"href":"https:\/\/www.ascbg.fr\/gaf\/wp-json\/wp\/v2\/types\/page"}],"author":[{"embeddable":true,"href":"https:\/\/www.ascbg.fr\/gaf\/wp-json\/wp\/v2\/users\/3"}],"replies":[{"embeddable":true,"href":"https:\/\/www.ascbg.fr\/gaf\/wp-json\/wp\/v2\/comments?post=1857"}],"version-history":[{"count":40,"href":"https:\/\/www.ascbg.fr\/gaf\/wp-json\/wp\/v2\/pages\/1857\/revisions"}],"predecessor-version":[{"id":7057,"href":"https:\/\/www.ascbg.fr\/gaf\/wp-json\/wp\/v2\/pages\/1857\/revisions\/7057"}],"wp:featuredmedia":[{"embeddable":true,"href":"https:\/\/www.ascbg.fr\/gaf\/wp-json\/wp\/v2\/media\/1906"}],"wp:attachment":[{"href":"https:\/\/www.ascbg.fr\/gaf\/wp-json\/wp\/v2\/media?parent=1857"}],"curies":[{"name":"wp","href":"https:\/\/api.w.org\/{rel}","templated":true}]}}